{"id":29,"date":"2025-10-27T18:29:45","date_gmt":"2025-10-27T21:29:45","guid":{"rendered":"http:\/\/10.9.100.52\/?page_id=29"},"modified":"2025-11-10T14:17:25","modified_gmt":"2025-11-10T17:17:25","slug":"contenido","status":"publish","type":"page","link":"https:\/\/testing.waikenilw.com\/index.php\/contenido\/","title":{"rendered":"Contenido"},"content":{"rendered":"<section class=\"tv-sat-scope es-ar\" aria-labelledby=\"tv-sat-title\">\n  <div class=\"tv-sat-banner\" role=\"banner\" aria-label=\"Contenido\">\n    <div class=\"container-fluid container-lg px-5\">\n      <div class=\"tv-sat-banner-title\">\n        <span class=\"tv-sat-badge\" aria-hidden=\"true\">\n          <img loading=\"lazy\" decoding=\"async\" src=\"\/wp-content\/uploads\/2025\/10\/contenido-title-icon.svg\" alt=\"Icono del t\u00edtulo\" width=\"40\" height=\"40\"\n            loading=\"lazy\">\n        <\/span>\n        <h2 id=\"tv-sat-title\" class=\"tv-sat-title\">Contenido<\/h2>\n      <\/div>\n    <\/div>\n  <\/div>\n  <div class=\"tv-sat-card-container container-fluid container-lg overlap-content\">\n    <div class=\"row\">\n      <div class=\"col-lg-12 px-md-0 p-0 px-lg-2\">\n        <article class=\"container tv-sat-card\" aria-label=\"Canales\">\n          <div class=\"row\">\n            <div class=\"col-12 tv-sat-card-logo text-center\">\n              <div class=\"logos-wrap\">\n\n                <a href=\"https:\/\/www.torneos.com\/es\/\" target=\"_blank\" rel=\"noopener\">\n                  <img decoding=\"async\" src=\"\/wp-content\/uploads\/2025\/10\/contenido-torneos-icon.png\" alt=\"Torneos\">\n                <\/a>\n\n                <a href=\"https:\/\/www.directvsports.com\/\" target=\"_blank\" rel=\"noopener\">\n                  <img decoding=\"async\" src=\"\/wp-content\/uploads\/2025\/10\/contenido-dsports-icon.png\" alt=\"D Sports\">\n                <\/a>\n\n                <a href=\"https:\/\/www.dsportsradio.com\/\" target=\"_blank\" rel=\"noopener\">\n                  <img decoding=\"async\" src=\"\/wp-content\/uploads\/2025\/10\/contenido-dsports-radio-icon.png\" alt=\"D Sports Radio\">\n                <\/a>\n\n                <a href=\"https:\/\/www.directvsports.com\/\" target=\"_blank\" rel=\"noopener\">\n                  <img decoding=\"async\" src=\"\/wp-content\/uploads\/2025\/10\/contenido-dsports-fight-icon.png\" alt=\"D Sports Fight\">\n                <\/a>\n\n                <a href=\"https:\/\/www.youtube.com\/@dnewsok\" target=\"_blank\" rel=\"noopener\">\n                  <img decoding=\"async\" src=\"\/wp-content\/uploads\/2025\/10\/contenido-dnews-icon.png\" alt=\"D News\">\n                <\/a>\n\n                <a href=\"https:\/\/directvla.com\" target=\"_blank\" rel=\"noopener\">\n                  <img decoding=\"async\" src=\"\/wp-content\/uploads\/2025\/10\/contenido-dshow-icon.png\" alt=\"D Show\">\n                <\/a>\n\n                <a href=\"https:\/\/directvla.com\" target=\"_blank\" rel=\"noopener\">\n                  <img decoding=\"async\" src=\"\/wp-content\/uploads\/2025\/10\/contenido-ondtv-icon.png\" alt=\"On Directv\">\n                <\/a>\n\n                <a href=\"https:\/\/www.youtube.com\/directvgo\" target=\"_blank\" rel=\"noopener\">\n                  <img decoding=\"async\" src=\"\/wp-content\/uploads\/2025\/10\/contenido-dgostream-icon.png\" alt=\"DGO\">\n                <\/a>\n\n                <a href=\"https:\/\/escuelaplus.com\/\" target=\"_blank\" rel=\"noopener\">\n                  <img decoding=\"async\" src=\"\/wp-content\/uploads\/2025\/10\/contenido-escuela-mas-icon.png\" alt=\"Escuela\">\n                <\/a>\n\n                <a href=\"javascript:void(0);\" rel=\"noopener\">\n                  <img decoding=\"async\" src=\"\/wp-content\/uploads\/2025\/10\/contenido-1190-icon.png\" alt=\"1190 Sports\">\n                <\/a>\n\n                <a href=\"javascript:void(0);\" rel=\"noopener\">\n                  <img decoding=\"async\" src=\"\/wp-content\/uploads\/2025\/10\/contenido-win-mas-icon.png\" alt=\"Win+\">\n                <\/a>\n\n                <a href=\"https:\/\/foggia.company\/\" target=\"_blank\" rel=\"noopener\">\n                  <img decoding=\"async\" src=\"\/wp-content\/uploads\/2025\/10\/contenido-foggia-icon.png\" alt=\"Foggia\">\n                <\/a>\n\n              <\/div>\n            <\/div>\n            <div class=\"col-12 pb-4 pb-lg-0\">\n              <p class=\"tv-sat-card-description text-center\">\n                Contamos con un amplio ecosistema de se\u00f1ales propias que acercan a los espectadores el mejor deporte,\n                las noticias m\u00e1s relevantes de Latinoam\u00e9rica, series y documentales como as\u00ed tambi\u00e9n la m\u00e1s novedosa\n                programaci\u00f3n en streaming con DGO Stream.\u00a0\n              <\/p>\n            <\/div>\n            <div class=\"col-12 col-12 d-none d-lg-block\">\n              <div class=\"tv-sat-links-outer invisible\">\n                <div class=\"tv-sat-links-bar\" role=\"contentinfo\" aria-label=\"Sitios oficiales\">\n                  <img decoding=\"async\" src=\"\/wp-content\/uploads\/2025\/10\/streamingOTT-internet.png\" alt=\"\" aria-hidden=\"true\">\n                  <div class=\"tv-sat-links-wrap\">\n                    <a class=\"tv-sat-link\" href=\"#\" target=\"_blank\" rel=\"noopener\" title=\"Abrir sitio\">#<\/a>\n                  <\/div>\n                <\/div>\n              <\/div>\n            <\/div>\n          <\/div>\n        <\/article>\n      <\/div>\n      <div class=\"col-lg-12 px-md-0 p-0 px-lg-2\">\n        <article class=\"container tv-sat-card\" aria-label=\"Torneos\">\n          <div class=\"row\">\n            <div class=\"col-12 tv-sat-card-logo text-center\">\n              <img decoding=\"async\" src=\"\/wp-content\/uploads\/2025\/10\/contenido-torneos.svg\" alt=\"Torneos\" loading=\"lazy\"\n                style=\"height: 7rem;\">\n            <\/div>\n            <div class=\"col-12\" style=\"padding-bottom: 3rem;\">\n              <p class=\"tv-sat-card-description text-center\">\n                Torneos es una empresa l\u00edder con m\u00e1s de 40 a\u00f1os de experiencia en la generaci\u00f3n de contenidos deportivos\n                y la creaci\u00f3n de soluciones de valor para la industria del deporte y el entretenimiento. Cuenta con\n                operaciones en Argentina, Brasil, Colombia, Ecuador,\u00a0Per\u00fa y\u00a0Uruguay.\n              <\/p>\n            <\/div>\n            <div class=\"col-12 tv-sat-production-container\">\n              <div class=\"row\">\n                <div class=\"col-lg-6\">\n                  <img decoding=\"async\" src=\"\/wp-content\/uploads\/2025\/10\/contenido-produccion-icon.svg\" alt=\"Icono del t\u00edtulo\">\n                  <p>\n                    <b>Producci\u00f3n de contenidos<\/b> <br \/>\n                    Una de las productoras m\u00e1s grandes de la regi\u00f3n, con el know-how, capacidad y talento que conforman\n                    una propuesta de valor \u00fanica.\n                    Host Broadcasters de las principales federaciones.\n                  <\/p>\n                <\/div>\n                <div class=\"col-lg-6 d-flex justify-content-center justify-content-lg-end\">\n\n                  <div class=\"logos-grid three-columns\">\n\n                    <template id=\"afa-tooltip\">\n                      <h6 class=\"text-center\">AFA<\/h6>\n                      <ul>\n                        <li>Eliminatorias.<\/li>\n                        <li>Amistosos.<\/li>\n                        <li>Copa Argentina.<\/li>\n                        <li>Supercopa Argentina y Supercopa Internacional.<\/li>\n                        <li>Ascenso.<\/li>\n                      <\/ul>\n                    <\/template>\n                    <img decoding=\"async\" class=\"logo-box\" data-bs-toggle=\"tooltip\" data-bs-html=\"true\" data-tooltip-id=\"afa-tooltip\"\n                      src=\"\/wp-content\/uploads\/2025\/10\/contenido-afa-icon.svg\" alt=\"AFA\">\n\n                    <template id=\"conmebol-tooltip\">\n                      <h6 class=\"text-center\">CONMEBOL<\/h6>\n                      <ul>\n                        <li>Copa Am\u00e9rica.<\/li>\n                        <li>Copa Libertadores.<\/li>\n                        <li>Copa Sudamericana.<\/li>\n                        <li>Sub-20 y Sub-17.<\/li>\n                        <li>Mundial de Futsa.<\/li>\n                        <li>Mundial de F\u00fatbol Playa.<\/li>\n                      <\/ul>\n                    <\/template>\n                    <img decoding=\"async\" class=\"logo-box\" data-bs-toggle=\"tooltip\" data-bs-html=\"true\"\n                      data-tooltip-id=\"conmebol-tooltip\" src=\"\/wp-content\/uploads\/2025\/10\/contenido-conmebol-icon.svg\"\n                      alt=\"CONMEBOL\" \/>\n\n                    <template id=\"lpf-tooltip\">\n                      <h6 class=\"text-center\">LPF<\/h6>\n                      <ul>\n                        <li>Liga Profesional de F\u00fabol.<\/li>\n                      <\/ul>\n                    <\/template>\n                    <img decoding=\"async\" class=\"logo-box\" data-bs-toggle=\"tooltip\" data-bs-html=\"true\" data-tooltip-id=\"lpf-tooltip\"\n                      src=\"\/wp-content\/uploads\/2025\/10\/contenido-lpf-icon.svg\" alt=\"LPF\" \/>\n\n                    <template id=\"fiba-tooltip\">\n                      <h6 class=\"text-center\">FIBA<\/h6>\n                      <ul>\n                        <li>Copa del Mundo.<\/li>\n                        <li>AmeriCup.<\/li>\n                        <li>Clasificatorios.<\/li>\n                      <\/ul>\n                    <\/template>\n                    <img decoding=\"async\" class=\"logo-box\" data-bs-toggle=\"tooltip\" data-bs-html=\"true\" data-tooltip-id=\"fiba-tooltip\"\n                      src=\"\/wp-content\/uploads\/2025\/10\/contenido-fiba-icon.svg\" alt=\"FIBA\" \/>\n\n                    <template id=\"auf-tooltip\">\n                      <h6 class=\"text-center\">AUF<\/h6>\n                      <ul>\n                        <li>Eliminatorias.<\/li>\n                      <\/ul>\n                    <\/template>\n                    <img decoding=\"async\" class=\"logo-box\" data-bs-toggle=\"tooltip\" data-bs-html=\"true\" data-tooltip-id=\"auf-tooltip\"\n                      src=\"\/wp-content\/uploads\/2025\/10\/contenido-uaf-icon.svg\" alt=\"AUF\" \/>\n\n                    <template id=\"ecuador-tooltip\">\n                      <h6 class=\"text-center\">ECUADOR<\/h6>\n                      <ul>\n                        <li>Copa Ecuador.<\/li>\n                        <li>Supercopa Ecuador.<\/li>\n                      <\/ul>\n                    <\/template>\n                    <img decoding=\"async\" class=\"logo-box\" data-bs-toggle=\"tooltip\" data-bs-html=\"true\" data-tooltip-id=\"ecuador-tooltip\"\n                      src=\"\/wp-content\/uploads\/2025\/10\/contenido-ecuador-icon.svg\" alt=\"ECUADOR\" \/>\n\n                  <\/div>\n\n\n                <\/div>\n              <\/div>\n            <\/div>\n            <div class=\"col-12 tv-sat-rights-container\">\n              <div class=\"row\">\n                <div class=\"col-lg-6\">\n                  <img decoding=\"async\" src=\"\/wp-content\/uploads\/2025\/10\/contenido-derechos-icon.svg\" alt=\"Icono del t\u00edtulo\">\n                  <p>\n                    <b>Derechos audiovisuales<\/b> <br \/>\n                    L\u00edderes en la regi\u00f3n en la comercializaci\u00f3n de los derechos audiovisuales de los eventos deportivos\n                    m\u00e1s relevantes.\n                  <\/p>\n                <\/div>\n                <div class=\"col-lg-6 d-flex justify-content-center justify-content-lg-end\" style=\"align-items: center;\">\n                  <img decoding=\"async\" src=\"\/wp-content\/uploads\/2025\/10\/contenido-derechos-icons.png\" alt=\"Icono del t\u00edtulo\"\n                    style=\"width: 100%; height: fit-content;\" \/>\n                <\/div>\n              <\/div>\n            <\/div>\n            <div class=\"col-12\">\n              <div class=\"tv-sat-links-outer invisible\">\n                <div class=\"tv-sat-links-bar\" role=\"contentinfo\" aria-label=\"Sitios oficiales\">\n                  <img decoding=\"async\" src=\"\/wp-content\/uploads\/2025\/10\/streamingOTT-internet.png\" alt=\"\" aria-hidden=\"true\">\n                  <div class=\"tv-sat-links-wrap\">\n                    <a class=\"tv-sat-link\" href=\"#\" target=\"_blank\" rel=\"noopener\" title=\"Abrir sitio\">#<\/a>\n                  <\/div>\n                <\/div>\n              <\/div>\n            <\/div>\n          <\/div>\n        <\/article>\n      <\/div>\n    <\/div>\n  <\/div>\n<\/section>","protected":false},"excerpt":{"rendered":"Contenido Contamos con un amplio ecosistema de se\u00f1ales propias que acercan a los espectadores el mejor deporte, las noticias m\u00e1s relevantes de Latinoam\u00e9rica, series y documentales como as\u00ed tambi\u00e9n la m\u00e1s novedosa programaci\u00f3n en streaming con DGO Stream.\u00a0 # Torneos es una empresa l\u00edder con m\u00e1s de 40 a\u00f1os de experiencia en la generaci\u00f3n de [&hellip;]","protected":false},"author":1,"featured_media":0,"parent":0,"menu_order":0,"comment_status":"closed","ping_status":"closed","template":"","meta":{"_acf_changed":false,"footnotes":""},"class_list":["post-29","page","type-page","status-publish","hentry"],"acf":[],"_links":{"self":[{"href":"https:\/\/testing.waikenilw.com\/index.php\/wp-json\/wp\/v2\/pages\/29","targetHints":{"allow":["GET"]}}],"collection":[{"href":"https:\/\/testing.waikenilw.com\/index.php\/wp-json\/wp\/v2\/pages"}],"about":[{"href":"https:\/\/testing.waikenilw.com\/index.php\/wp-json\/wp\/v2\/types\/page"}],"author":[{"embeddable":true,"href":"https:\/\/testing.waikenilw.com\/index.php\/wp-json\/wp\/v2\/users\/1"}],"replies":[{"embeddable":true,"href":"https:\/\/testing.waikenilw.com\/index.php\/wp-json\/wp\/v2\/comments?post=29"}],"version-history":[{"count":50,"href":"https:\/\/testing.waikenilw.com\/index.php\/wp-json\/wp\/v2\/pages\/29\/revisions"}],"predecessor-version":[{"id":1197,"href":"https:\/\/testing.waikenilw.com\/index.php\/wp-json\/wp\/v2\/pages\/29\/revisions\/1197"}],"wp:attachment":[{"href":"https:\/\/testing.waikenilw.com\/index.php\/wp-json\/wp\/v2\/media?parent=29"}],"curies":[{"name":"wp","href":"https:\/\/api.w.org\/{rel}","templated":true}]}}