{"id":926,"date":"2025-10-31T16:38:31","date_gmt":"2025-10-31T19:38:31","guid":{"rendered":"http:\/\/10.9.100.52\/?page_id=926"},"modified":"2026-04-01T09:06:29","modified_gmt":"2026-04-01T12:06:29","slug":"tecnologia-2","status":"publish","type":"page","link":"https:\/\/testing.waikenilw.com\/index.php\/pt\/tecnologia-2\/","title":{"rendered":"Tecnologia"},"content":{"rendered":"<section class=\"tv-sat-scope pt-br\" aria-labelledby=\"tv-sat-title\">\n  <div class=\"tv-sat-banner\" role=\"banner\" aria-label=\"Tecnologia\">\n    <div class=\"container-fluid container-lg px-5\">\n      <div class=\"tv-sat-banner-title\">\n        <span class=\"tv-sat-badge\" aria-hidden=\"true\">\n          <img loading=\"lazy\" decoding=\"async\" src=\"\/wp-content\/uploads\/2025\/10\/tecnologia-title-icon.svg\" alt=\"\u00cdcone do t\u00edtulo\" width=\"40\" height=\"40\"\n            loading=\"lazy\">\n        <\/span>\n        <h2 id=\"tv-sat-title\" class=\"tv-sat-title\">Tecnologia<\/h2>\n      <\/div>\n    <\/div>\n  <\/div>\n  <div class=\"tv-sat-card-container container-fluid container-lg overlap-content\">\n    <div class=\"row\">\n      <div class=\"col-lg-6 px-md-0 p-0 px-lg-2\" data-aos=\"fade-up\">\n        <article class=\"tv-sat-card\" aria-label=\"OVERLABS\">\n          <div class=\"row\">\n            <div class=\"col-12 tv-sat-card-logo text-center\">\n              <a href=\"https:\/\/www.overlabs.com\" target=\"_blank\" rel=\"noopener\" title=\"Link to OVERLABS\"\n                class=\"tv-sat-logo-link d-inline-block\">\n                <img decoding=\"async\" src=\"\/wp-content\/uploads\/2025\/10\/tecnologia-overlabs.svg\" alt=\"OVERLABS\" loading=\"lazy\"\n                  class=\"tv-sat-logo-img\">\n              <\/a>\n            <\/div>\n\n            <div class=\"col-12\">\n              <p class=\"tv-sat-card-description text-center\">\n                A OVERLABS \u00e9 uma empresa especializada em consultoria, servi\u00e7os e desenvolvimento de software e\n                aplicativos de \u00faltima gera\u00e7\u00e3o no Brasil, que planeja expandir-se para a Am\u00e9rica Latina. Suas solu\u00e7\u00f5es\n                incluem consultoria externa e interna, adaptadas \u00e0s necessidades de cada cliente.\n                <br \/>\n                <br \/>\n                O foco dos servi\u00e7os \u00e9 reduzir os custos operacionais e garantir a liberdade de escolha de ferramentas e\n                fornecedores. Al\u00e9m disso, suas solu\u00e7\u00f5es de c\u00f3digo aberto permitem os clientes manterem controle total\n                sobre seus sistemas, sem ter que se preocupar com a disponibilidade de recursos adicionais.\n              <\/p>\n            <\/div>\n            <div class=\"col-12\">\n              <div id=\"homeCarousel\" class=\"carousel slide\" data-bs-ride=\"carousel\" data-bs-pause=\"false\">\n                <div class=\"carousel-inner\">\n                  <!-- Slide 1 - Imagen -->\n                  <div class=\"carousel-item active\">\n                    <div class=\"d-flex justify-content-center align-items-center\">\n                      <img decoding=\"async\" class=\"tv-sat-devices\" src=\"\/wp-content\/uploads\/2025\/10\/tecnologia-overlabs-1.jpg\"\n                        alt=\"Conte\u00fado disponivel para TV, laptop, tablet y m\u00f3vil\" loading=\"lazy\">\n                    <\/div>\n                  <\/div>\n                <\/div>\n              <\/div>\n            <\/div>\n            <div class=\"col-12\">\n              <div class=\"tv-sat-links-outer\">\n                <div class=\"tv-sat-links-bar\" role=\"contentinfo\" aria-label=\"Links\">\n                  <img decoding=\"async\" src=\"\/wp-content\/uploads\/2025\/10\/streamingOTT-internet.png\" alt=\"\u00cdcone\" aria-hidden=\"true\">\n                  <div class=\"tv-sat-links-wrap\">\n                    <a class=\"tv-sat-link\" href=\"https:\/\/www.overlabs.com\" target=\"_blank\" rel=\"noopener\"\n                      title=\"Abrir OVERLABS\">www.overlabs.com<\/a>\n                  <\/div>\n                <\/div>\n              <\/div>\n            <\/div>\n          <\/div>\n        <\/article>\n      <\/div>\n      <div class=\"col-lg-6 px-md-0 p-0 px-lg-2\" data-aos=\"fade-up\">\n        <article class=\"tv-sat-card\" aria-label=\"ILLUMIA\">\n          <div class=\"row\">\n            <div class=\"col-12 tv-sat-card-logo text-center\">\n              <a href=\"https:\/\/www.illumiagroup.ai\" target=\"_blank\" rel=\"noopener\" title=\"Abrir ILLUMIA\"\n                class=\"tv-sat-logo-link d-inline-block\">\n                <img decoding=\"async\" src=\"\/wp-content\/uploads\/2025\/10\/tecnologia-illumia.svg\" alt=\"ILLUMIA\" loading=\"lazy\"\n                  class=\"tv-sat-logo-img\">\n              <\/a>\n            <\/div>\n\n            <div class=\"col-12\">\n              <p class=\"tv-sat-card-description text-center\">\n                Nasceu como uma resposta \u00e0 disrup\u00e7\u00e3o gerada nos neg\u00f3cios, \u00e0 digitaliza\u00e7\u00e3o, \u00e0 intelig\u00eancia artificial\n                generativa e \u00e0s novas tecnologias em um contexto em que os clientes esperam maior personaliza\u00e7\u00e3o e\n                empatia de seus fornecedores de bens e servi\u00e7os.\n                <br \/>\n                <br \/>\n                Fornecemos servi\u00e7os de outsourcing transformacional orientados para processos de Customer Experience de\n                ponta a ponta com base no uso intensivo de solu\u00e7\u00f5es digitais e GenIA (Generative AI), combinando\n                tecnologias avan\u00e7adas que personalizem a experi\u00eancia do cliente e otimizem os custos da empresa.\n              <\/p>\n            <\/div>\n            <div class=\"col-12\">\n              <div id=\"homeCarousel\" class=\"carousel slide\" data-bs-ride=\"carousel\" data-bs-pause=\"false\">\n                <div class=\"carousel-inner\">\n                  <!-- Slide 1 - Imagen -->\n                  <div class=\"carousel-item active\">\n                    <div class=\"d-flex justify-content-center align-items-center\">\n                      <img decoding=\"async\" class=\"tv-sat-devices\" src=\"\/wp-content\/uploads\/2025\/10\/tecnologia-illumia-pt.png\"\n                        alt=\"Conte\u00fado disponivel para TV, laptop, tablet y m\u00f3vil\" loading=\"lazy\">\n                    <\/div>\n                  <\/div>\n                <\/div>\n              <\/div>\n            <\/div>\n            <div class=\"col-12\">\n              <div class=\"tv-sat-links-outer\">\n                <div class=\"tv-sat-links-bar\" role=\"contentinfo\" aria-label=\"Links\">\n                  <img decoding=\"async\" src=\"\/wp-content\/uploads\/2025\/10\/streamingOTT-internet.png\" alt=\"\u00cdcone\" aria-hidden=\"true\">\n                  <div class=\"tv-sat-links-wrap\">\n                    <a class=\"tv-sat-link\" href=\"https:\/\/www.illumiagroup.ai\" target=\"_blank\" rel=\"noopener\"\n                      title=\"Link to ILLUMIA\">www.illumiagroup.ai<\/a>\n                  <\/div>\n                <\/div>\n              <\/div>\n            <\/div>\n          <\/div>\n        <\/article>\n      <\/div>\n    <\/div>\n  <\/div>\n<\/section>","protected":false},"excerpt":{"rendered":"Tecnologia A OVERLABS \u00e9 uma empresa especializada em consultoria, servi\u00e7os e desenvolvimento de software e aplicativos de \u00faltima gera\u00e7\u00e3o no Brasil, que planeja expandir-se para a Am\u00e9rica Latina. Suas solu\u00e7\u00f5es incluem consultoria externa e interna, adaptadas \u00e0s necessidades de cada cliente. O foco dos servi\u00e7os \u00e9 reduzir os custos operacionais e garantir a liberdade de [&hellip;]","protected":false},"author":1,"featured_media":0,"parent":0,"menu_order":0,"comment_status":"closed","ping_status":"closed","template":"","meta":{"_acf_changed":false,"footnotes":""},"class_list":["post-926","page","type-page","status-publish","hentry"],"acf":[],"_links":{"self":[{"href":"https:\/\/testing.waikenilw.com\/index.php\/wp-json\/wp\/v2\/pages\/926","targetHints":{"allow":["GET"]}}],"collection":[{"href":"https:\/\/testing.waikenilw.com\/index.php\/wp-json\/wp\/v2\/pages"}],"about":[{"href":"https:\/\/testing.waikenilw.com\/index.php\/wp-json\/wp\/v2\/types\/page"}],"author":[{"embeddable":true,"href":"https:\/\/testing.waikenilw.com\/index.php\/wp-json\/wp\/v2\/users\/1"}],"replies":[{"embeddable":true,"href":"https:\/\/testing.waikenilw.com\/index.php\/wp-json\/wp\/v2\/comments?post=926"}],"version-history":[{"count":5,"href":"https:\/\/testing.waikenilw.com\/index.php\/wp-json\/wp\/v2\/pages\/926\/revisions"}],"predecessor-version":[{"id":1343,"href":"https:\/\/testing.waikenilw.com\/index.php\/wp-json\/wp\/v2\/pages\/926\/revisions\/1343"}],"wp:attachment":[{"href":"https:\/\/testing.waikenilw.com\/index.php\/wp-json\/wp\/v2\/media?parent=926"}],"curies":[{"name":"wp","href":"https:\/\/api.w.org\/{rel}","templated":true}]}}